{"id":25,"date":"2020-11-20T17:39:17","date_gmt":"2020-11-20T16:39:17","guid":{"rendered":"http:\/\/cbt.dyndns.org\/federicoboscolo\/?page_id=25"},"modified":"2024-01-24T10:31:22","modified_gmt":"2024-01-24T09:31:22","slug":"competenze","status":"publish","type":"page","link":"https:\/\/www.federicoboscolo.it\/index.php\/competenze\/","title":{"rendered":"COMPETENZE"},"content":{"rendered":"\n<p class=\"has-white-color has-vivid-red-background-color has-text-color has-background has-medium-font-size\"><strong>COMUNICAZIONE<\/strong><\/p>\n\n\n\n<p>Le esperienze di docente formatore sulle tematiche inerenti a igiene, salute e sicurezza sul lavoro e di istruttore AREU mi hanno permesso un approccio comunicativo con persone di estrazione sociale e culturale molto differenti all&#8217;interno di una stessa area didattica portandomi a una continua sfida nel rendere gli argomenti dei corsi di facile comprensione e nel realizzare corsi in cui i discenti sono stimolati nel seguire e approfondire gli argomenti. I livelli di gradimento delle lezioni sono stati costantemente monitorati grazie alla scheda di valutazione anonima che i discenti compilano alla chiusura dei corsi permettendomi di analizzare i risultati e di migliorare il servizio offerto.<br>L&#8217;attivit\u00e0 di volontariato su mezzi di soccorso AREU mi ha consentito di gestire situazioni critiche nel ruolo di team leader. Gli aggiornamenti istruttori mi permettono di tenermi sempre aggiornato sulle tecniche didattiche.<br>Presso ALGO S.p.A. ho partecipato a un corso sulle tecniche di comunicazioni tenuto da Profexa Consulting di Bologna e sulla trattativa negli acquisti tenuto da ADACI. Ho infine partecipato al corso &#8220;Presupposti e tecniche per una comunicazione efficace&#8221; svolto presso Ordine degli Ingegneri di Como.<\/p>\n\n\n\n<p class=\"has-white-color has-vivid-red-background-color has-text-color has-background has-medium-font-size\"><strong>ORGANIZZAZIONE E GESTIONE<\/strong><\/p>\n\n\n\n<p>Ritengo di aver maturato una buona capacit\u00e0 di leadership dovendo coordinare le risorse dei reparti prototipazione\/ufficio tecnico\/industrializzazione presso il sito locale ALGO Albavilla e quello remoto ALGO Ne. L&#8217;attivit\u00e0 di coordinazione mi ha permesso di sviluppare capacit\u00e0 di tenere sotto controllo tempi e costi delle attivit\u00e0.<br>Possiedo buone capacit\u00e0 di team leader acquisite durante la mia esperienza di Project Manager, di volontario su ambulanze AREU e come responsabile del gruppo formatori presso CVA Angera.<br>Ho frequestato inoltre i corsi &#8220;Introduzione al Project Management&#8221; presso Ordine degli Ingegneri della provincia di Como e &#8220;Project management \u2013 Standard Internazionale: metodologie, tecniche e strumenti\u201c tenuto dall&#8217;Ordine degli Ingegneri della provincia di Pordenone.<\/p>\n\n\n\n<p class=\"has-white-color has-vivid-red-background-color has-text-color has-background has-medium-font-size\"><strong>INFORMATICA<\/strong><\/p>\n\n\n\n<p>L&#8217;informatica \u00e8 sempre rientrata nei miei interessi e da sempre sono interessato non solo a utilizzare il PC come semplice utente ma a capire la logica di funzionamento dei programmi e il funzionamento dell&#8217;hardware.<\/p>\n\n\n\n<ul class=\"wp-block-list\">\n<li>Ottima conoscenza del sistema operativo Microsoft Windows dalla versione XP (installazione sistema operativo, configurazione, inserimento della macchina a dominio, installazione applicativi, risoluzione autonoma delle problematiche che possono manifestarsi durante il lavoro)<\/li>\n\n\n\n<li>Discreta conoscenza dei sistemi server Windows dalla versione 2012R2 inclusa la virtualizzazione delle macchine (questo CV \u00e8 ospitato su server virtuale linux, il server fisico \u00e8 presso la mia abitazione)<\/li>\n\n\n\n<li>Sufficiente conoscenza dei sistemi operativi Ubuntu Desktop e Server<\/li>\n\n\n\n<li>Sufficiente conoscenza dei sistemi di virtualizzazione vmware ESXi<\/li>\n\n\n\n<li>Buona conoscenza del pacchetto Microsoft Office (incluso Access) <\/li>\n\n\n\n<li>Discreta conoscenza di Microsoft Project dalla versione 2016<\/li>\n\n\n\n<li>Buona conoscenza di CATIA V5 e del PLM SMARTEAM (ulteriore riferimenti possono essere trovati <a href=\"http:\/\/www.kaemart.it\/lab-prog-cad\/bovisa\/cugini\/siti\/0405\/Boscolo-Cannella-Crepaldi\/\" target=\"_blank\" rel=\"noreferrer noopener\">qui<\/a> e <a href=\"https:\/\/www.federicoboscolo.it\/index.php\/progettazione-cad-il-motore-monocilindrico\/\" target=\"_blank\" rel=\"noreferrer noopener\">qui<\/a>)<\/li>\n\n\n\n<li>Buona padronanza di SolidWorks<\/li>\n\n\n\n<li>Discreta conoscenza di Autodesk Inventor<\/li>\n\n\n\n<li>Discreta conoscenza di SAP Business One (creazione anagrafiche, creazione BOM, emissione ordini di acquisto, gestione dei listini fornitori)<\/li>\n\n\n\n<li>Discreta conoscenza di Zucchetti ad hoc enterprise (creazione anagrafiche, creazione BOM, creazione cicli di lavoro, gestione ordini di produzione\/conto lavoro\/acquisto)<\/li>\n\n\n\n<li>Conoscenza basilare dei database Microsoft SQL e MySQL<\/li>\n\n\n\n<li>Discreta conoscenza di WordPress<\/li>\n\n\n\n<li>Discreta conoscenza dei programmi PDF (creazione file, creazione modulo, raccolta dati da modulo, inserimento di semplici macro, apposizione di firma grafica o digitale)<\/li>\n\n\n\n<li>Discreta conoscenza dei programmi di grafica GIMP e Adobe Photoshop<\/li>\n<\/ul>\n","protected":false},"excerpt":{"rendered":"<p>COMUNICAZIONE Le esperienze di docente formatore sulle tematiche inerenti a igiene, salute e sicurezza sul lavoro e di istruttore AREU mi hanno permesso un approccio comunicativo con persone di estrazione sociale e culturale molto differenti all&#8217;interno di una stessa area didattica portandomi a una continua sfida nel rendere gli argomenti dei corsi di facile comprensione [&hellip;]<\/p>\n","protected":false},"author":2,"featured_media":0,"parent":0,"menu_order":0,"comment_status":"closed","ping_status":"closed","template":"","meta":{"ngg_post_thumbnail":0,"footnotes":""},"class_list":["post-25","page","type-page","status-publish","hentry"],"_links":{"self":[{"href":"https:\/\/www.federicoboscolo.it\/index.php\/wp-json\/wp\/v2\/pages\/25","targetHints":{"allow":["GET"]}}],"collection":[{"href":"https:\/\/www.federicoboscolo.it\/index.php\/wp-json\/wp\/v2\/pages"}],"about":[{"href":"https:\/\/www.federicoboscolo.it\/index.php\/wp-json\/wp\/v2\/types\/page"}],"author":[{"embeddable":true,"href":"https:\/\/www.federicoboscolo.it\/index.php\/wp-json\/wp\/v2\/users\/2"}],"replies":[{"embeddable":true,"href":"https:\/\/www.federicoboscolo.it\/index.php\/wp-json\/wp\/v2\/comments?post=25"}],"version-history":[{"count":8,"href":"https:\/\/www.federicoboscolo.it\/index.php\/wp-json\/wp\/v2\/pages\/25\/revisions"}],"predecessor-version":[{"id":3229,"href":"https:\/\/www.federicoboscolo.it\/index.php\/wp-json\/wp\/v2\/pages\/25\/revisions\/3229"}],"wp:attachment":[{"href":"https:\/\/www.federicoboscolo.it\/index.php\/wp-json\/wp\/v2\/media?parent=25"}],"curies":[{"name":"wp","href":"https:\/\/api.w.org\/{rel}","templated":true}]}}