{"id":2698,"date":"2023-04-16T10:41:57","date_gmt":"2023-04-16T08:41:57","guid":{"rendered":"https:\/\/www.federicoboscolo.it\/?page_id=2698"},"modified":"2024-05-27T09:15:32","modified_gmt":"2024-05-27T07:15:32","slug":"come-funziona-la-stampante-3d-fdm","status":"publish","type":"page","link":"https:\/\/www.federicoboscolo.it\/index.php\/come-funziona-la-stampante-3d-fdm\/","title":{"rendered":"COME FUNZIONA LA STAMPANTE 3D FDM"},"content":{"rendered":"\n<p>La stampante 3D FDM (acronimo di <strong>F<\/strong>used <strong>D<\/strong>eposition <strong>M<\/strong>odeling) lavora sui 3 assi cartesiani.<br>guardando la stampante frontalmente, lo &#8220;zero&#8221; macchina \u00e8 il punto viene considerato quello &#8220;a sinistra in fondo&#8221; (lo so, \u00e8 una definizione molto becera ma per farlo capire ai chiunque legga questa pagina). Ne consegue che il valore della coordinata X aumenta spostandosi verso destra, Y aumenta venendo verso di noi e Z aumenta salendo dal piano<\/p>\n\n\n<div class=\"wp-block-image\">\n<figure class=\"aligncenter size-full\"><img fetchpriority=\"high\" decoding=\"async\" width=\"433\" height=\"360\" src=\"https:\/\/www.federicoboscolo.it\/wp-content\/uploads\/2023\/04\/image.png\" alt=\"\" class=\"wp-image-2699\" srcset=\"https:\/\/www.federicoboscolo.it\/wp-content\/uploads\/2023\/04\/image.png 433w, https:\/\/www.federicoboscolo.it\/wp-content\/uploads\/2023\/04\/image-300x249.png 300w\" sizes=\"(max-width: 433px) 100vw, 433px\" \/><\/figure><\/div>\n\n\n<p>Le coordinate sono l&#8217;insieme dei punti che costituiscono parte del programma GCODE che viene creato con i software di slicing (io utilizzo CURA). Questo \u00e8 il percorso che far\u00e0 la testina di stampa per ogni singolo piano di stampa dove andr\u00e0 a depositare il materiale.<\/p>\n\n\n\n<p>Il materiale \u00e8 un filamento di diamentro \u00d81,75mm e passa attraverso un ugello che, salvo esigenze particolari, ha un diametro standard di \u00d80,4mm. Per fare questo passaggio, il filo deve essere fuso e spinto nell&#8217;ugello.<\/p>\n\n\n\n<p>Quest&#8217;ultima operazione viene fatta da un motore passo-passo che spinge il filo seguendo l&#8217;equazione di continuit\u00e0 ovvero la portata in ingresso dell&#8217;estrusore \u00e8 la medesima in uscita. Tradotto:<\/p>\n\n\n<div class=\"wp-block-image\">\n<figure class=\"aligncenter size-full is-resized\"><img decoding=\"async\" width=\"412\" height=\"115\" src=\"https:\/\/www.federicoboscolo.it\/wp-content\/uploads\/2023\/04\/image-1.png\" alt=\"\" class=\"wp-image-2700\" style=\"width:176px;height:49px\" srcset=\"https:\/\/www.federicoboscolo.it\/wp-content\/uploads\/2023\/04\/image-1.png 412w, https:\/\/www.federicoboscolo.it\/wp-content\/uploads\/2023\/04\/image-1-300x84.png 300w\" sizes=\"(max-width: 412px) 100vw, 412px\" \/><\/figure><\/div>\n\n\n<p>quindi il programma di slicing, inserito il valore di velocit\u00e0 di stampa e il diametro dell&#8217;ugello, calcola il valore del flusso di plastica in ingresso e quindi il parametro motore per estrudere. Il filo resta sempre in tensione perch\u00e8 tra l&#8217;uscita dell&#8217;estrusore vi \u00e8 un tubo in PTFE che collega lo stesso all&#8217;hotend, permettendo quindi di tenere sempre il filo in &#8220;spinta&#8221;<\/p>\n\n\n\n<p>Il filo invece \u00e8 di diversi tipi di materiali plastici: in funzione del materiale occorre settare una temperatura di fusione del filo.<br>Lo slicer quindi &#8220;comanda&#8221; la resistenza elettrica iniziando a scaldare l&#8217;hotend della stampante e, tramite un termistore, sa quanto riscaldare. L&#8217;hotend ha un corpo metallico ventilato per permettere la veloce dissipazione della temperatura e cosi da concentrare il calore solo nei pressi dell&#8217;ugello.<\/p>\n\n\n<div class=\"wp-block-image\">\n<figure class=\"aligncenter size-full is-resized\"><img decoding=\"async\" width=\"392\" height=\"358\" src=\"https:\/\/www.federicoboscolo.it\/wp-content\/uploads\/2023\/04\/image-2.png\" alt=\"\" class=\"wp-image-2701\" style=\"width:392px;height:358px\" srcset=\"https:\/\/www.federicoboscolo.it\/wp-content\/uploads\/2023\/04\/image-2.png 392w, https:\/\/www.federicoboscolo.it\/wp-content\/uploads\/2023\/04\/image-2-300x274.png 300w\" sizes=\"(max-width: 392px) 100vw, 392px\" \/><\/figure><\/div>\n\n\n<p>Ovviamente questa \u00e8 una spiegazione MOLTO semplificata del funzionamento: per stampare in 3D occorre settare molti pi\u00f9 paramentri, avere tanta pazienza nello sperimentare cosa comporta il cambiamento di un parametro di stampa ma soprattutto accumulare esperienza! Buon lavoro!<\/p>\n","protected":false},"excerpt":{"rendered":"<p>La stampante 3D FDM (acronimo di Fused Deposition Modeling) lavora sui 3 assi cartesiani.guardando la stampante frontalmente, lo &#8220;zero&#8221; macchina \u00e8 il punto viene considerato quello &#8220;a sinistra in fondo&#8221; (lo so, \u00e8 una definizione molto becera ma per farlo capire ai chiunque legga questa pagina). Ne consegue che il valore della coordinata X aumenta [&hellip;]<\/p>\n","protected":false},"author":2,"featured_media":0,"parent":0,"menu_order":0,"comment_status":"closed","ping_status":"closed","template":"","meta":{"ngg_post_thumbnail":0,"footnotes":""},"class_list":["post-2698","page","type-page","status-publish","hentry"],"_links":{"self":[{"href":"https:\/\/www.federicoboscolo.it\/index.php\/wp-json\/wp\/v2\/pages\/2698","targetHints":{"allow":["GET"]}}],"collection":[{"href":"https:\/\/www.federicoboscolo.it\/index.php\/wp-json\/wp\/v2\/pages"}],"about":[{"href":"https:\/\/www.federicoboscolo.it\/index.php\/wp-json\/wp\/v2\/types\/page"}],"author":[{"embeddable":true,"href":"https:\/\/www.federicoboscolo.it\/index.php\/wp-json\/wp\/v2\/users\/2"}],"replies":[{"embeddable":true,"href":"https:\/\/www.federicoboscolo.it\/index.php\/wp-json\/wp\/v2\/comments?post=2698"}],"version-history":[{"count":2,"href":"https:\/\/www.federicoboscolo.it\/index.php\/wp-json\/wp\/v2\/pages\/2698\/revisions"}],"predecessor-version":[{"id":3348,"href":"https:\/\/www.federicoboscolo.it\/index.php\/wp-json\/wp\/v2\/pages\/2698\/revisions\/3348"}],"wp:attachment":[{"href":"https:\/\/www.federicoboscolo.it\/index.php\/wp-json\/wp\/v2\/media?parent=2698"}],"curies":[{"name":"wp","href":"https:\/\/api.w.org\/{rel}","templated":true}]}}