{"id":439,"date":"2021-04-14T10:55:15","date_gmt":"2021-04-14T08:55:15","guid":{"rendered":"http:\/\/cbt.dyndns.org\/federicoboscolo\/?page_id=439"},"modified":"2022-01-04T12:08:11","modified_gmt":"2022-01-04T11:08:11","slug":"sito-web-cva-angera-it","status":"publish","type":"page","link":"https:\/\/www.federicoboscolo.it\/index.php\/sito-web-cva-angera-it\/","title":{"rendered":"SITO WEB cva-angera.it"},"content":{"rendered":"\n<p>Mi sono interessato alla gestione dei siti perch\u00e9, anni fa, il web-master dell&#8217;associazione CVA Angera di cui faccio parte ha rassegnato le dimissioni e il Presidente mi ha incaricato di realizzare un nuovo sito. Partendo da una vecchia versione realizzata in html statico ospitato su server Aruba, \u00e8 stato mantenuto il contenuto storico ove possibile (testi e foto) e, previa migrazione a Register.it, \u00e8 stato realizzato un nuovo sito in WordPress per gestirlo pi\u00f9 agevolmente dando inoltre un aspetto pi\u00f9 moderno alle pagine.<\/p>\n\n\n\n<p>Per esigenze di formazione \u00e8 stato implementato un sotto-dominio formazione.cva-angera.it i cui \u00e8 stata installata la piattaforma Moodle per la gestione dell&#8217;e-learning (principalmente realizzazione del percorso formativo con distribuzione del materiale didattico e creazione di test interattivi).<\/p>\n\n\n\n<p>Ultimo e non meno importante la realizzazione di uno spazio cloud basato sul sistema open source Owncloud nel sottodominio cloud.cva-angera.it che permette ai gruppi di lavoro di avere sempre il materiale disponibile comodamente ovunque si trovino (casa, sede, aule formative) e di condividere istantaneamente documenti.<\/p>\n\n\n\n<div class=\"wp-block-image\"><figure class=\"aligncenter size-large\"><img fetchpriority=\"high\" decoding=\"async\" width=\"1903\" height=\"966\" src=\"http:\/\/cbt.dyndns.org\/federicoboscolo\/wp-content\/uploads\/2020\/11\/Screenshot_2020-11-23-C-V-A-Angera-Corpo-Volontari-Ambulanza-dal-1977-al-vostro-servizio.png\" alt=\"\" class=\"wp-image-58\" srcset=\"https:\/\/www.federicoboscolo.it\/wp-content\/uploads\/2020\/11\/Screenshot_2020-11-23-C-V-A-Angera-Corpo-Volontari-Ambulanza-dal-1977-al-vostro-servizio.png 1903w, https:\/\/www.federicoboscolo.it\/wp-content\/uploads\/2020\/11\/Screenshot_2020-11-23-C-V-A-Angera-Corpo-Volontari-Ambulanza-dal-1977-al-vostro-servizio-600x305.png 600w\" sizes=\"(max-width: 1903px) 100vw, 1903px\" \/><figcaption><em>Home page del sito<\/em><\/figcaption><\/figure><\/div>\n\n\n\n<div class=\"wp-block-image\"><figure class=\"aligncenter size-large\"><img decoding=\"async\" width=\"1024\" height=\"537\" src=\"http:\/\/cbt.dyndns.org\/federicoboscolo\/wp-content\/uploads\/2021\/03\/Owncloud-CVA-1024x537.png\" alt=\"\" class=\"wp-image-281\" srcset=\"https:\/\/www.federicoboscolo.it\/wp-content\/uploads\/2021\/03\/Owncloud-CVA-1024x537.png 1024w, https:\/\/www.federicoboscolo.it\/wp-content\/uploads\/2021\/03\/Owncloud-CVA-600x315.png 600w, https:\/\/www.federicoboscolo.it\/wp-content\/uploads\/2021\/03\/Owncloud-CVA-300x157.png 300w, https:\/\/www.federicoboscolo.it\/wp-content\/uploads\/2021\/03\/Owncloud-CVA-768x403.png 768w, https:\/\/www.federicoboscolo.it\/wp-content\/uploads\/2021\/03\/Owncloud-CVA-1536x805.png 1536w, https:\/\/www.federicoboscolo.it\/wp-content\/uploads\/2021\/03\/Owncloud-CVA.png 1917w\" sizes=\"(max-width: 1024px) 100vw, 1024px\" \/><figcaption><em>Pagina di accesso al cloud<\/em><\/figcaption><\/figure><\/div>\n\n\n\n<div class=\"wp-block-image\"><figure class=\"aligncenter size-large\"><img decoding=\"async\" width=\"1024\" height=\"445\" src=\"http:\/\/cbt.dyndns.org\/federicoboscolo\/wp-content\/uploads\/2021\/03\/moodle-CVA-1024x445.png\" alt=\"\" class=\"wp-image-282\" srcset=\"https:\/\/www.federicoboscolo.it\/wp-content\/uploads\/2021\/03\/moodle-CVA-1024x445.png 1024w, https:\/\/www.federicoboscolo.it\/wp-content\/uploads\/2021\/03\/moodle-CVA-600x261.png 600w, https:\/\/www.federicoboscolo.it\/wp-content\/uploads\/2021\/03\/moodle-CVA-300x130.png 300w, https:\/\/www.federicoboscolo.it\/wp-content\/uploads\/2021\/03\/moodle-CVA-768x334.png 768w, https:\/\/www.federicoboscolo.it\/wp-content\/uploads\/2021\/03\/moodle-CVA-1536x668.png 1536w, https:\/\/www.federicoboscolo.it\/wp-content\/uploads\/2021\/03\/moodle-CVA.png 1890w\" sizes=\"(max-width: 1024px) 100vw, 1024px\" \/><figcaption><em>Schermata di amministrazione della piattaforma didattica Moodlo<\/em><\/figcaption><\/figure><\/div>\n\n\n\n<p><\/p>\n","protected":false},"excerpt":{"rendered":"<p>Mi sono interessato alla gestione dei siti perch\u00e9, anni fa, il web-master dell&#8217;associazione CVA Angera di cui faccio parte ha rassegnato le dimissioni e il Presidente mi ha incaricato di realizzare un nuovo sito. Partendo da una vecchia versione realizzata in html statico ospitato su server Aruba, \u00e8 stato mantenuto il contenuto storico ove possibile [&hellip;]<\/p>\n","protected":false},"author":2,"featured_media":0,"parent":0,"menu_order":0,"comment_status":"closed","ping_status":"closed","template":"","meta":{"ngg_post_thumbnail":0,"footnotes":""},"class_list":["post-439","page","type-page","status-publish","hentry"],"_links":{"self":[{"href":"https:\/\/www.federicoboscolo.it\/index.php\/wp-json\/wp\/v2\/pages\/439","targetHints":{"allow":["GET"]}}],"collection":[{"href":"https:\/\/www.federicoboscolo.it\/index.php\/wp-json\/wp\/v2\/pages"}],"about":[{"href":"https:\/\/www.federicoboscolo.it\/index.php\/wp-json\/wp\/v2\/types\/page"}],"author":[{"embeddable":true,"href":"https:\/\/www.federicoboscolo.it\/index.php\/wp-json\/wp\/v2\/users\/2"}],"replies":[{"embeddable":true,"href":"https:\/\/www.federicoboscolo.it\/index.php\/wp-json\/wp\/v2\/comments?post=439"}],"version-history":[{"count":1,"href":"https:\/\/www.federicoboscolo.it\/index.php\/wp-json\/wp\/v2\/pages\/439\/revisions"}],"predecessor-version":[{"id":444,"href":"https:\/\/www.federicoboscolo.it\/index.php\/wp-json\/wp\/v2\/pages\/439\/revisions\/444"}],"wp:attachment":[{"href":"https:\/\/www.federicoboscolo.it\/index.php\/wp-json\/wp\/v2\/media?parent=439"}],"curies":[{"name":"wp","href":"https:\/\/api.w.org\/{rel}","templated":true}]}}